
2
What is the hundred thousands digit of 815161?
8
What is the thousands digit of 7611825?
1
What is the millions digit of 7060405?
7
What is the hundred thousands digit of 23613545?
6
What is the hundreds digit of 424663?
6
What is the units digit of 134023?
3
What is the ten thousands digit of 270779?
7
What is the thousands digit of 6940597?
0
What is the thousands digit of 97408?
7
What is the ten thousands digit of 29953697?
5
What is the ten millions digit of 14460563?
1
What is the ten thousands digit of 504373?
0
What is the hundreds digit of 1285145?
1
What is the thousands digit of 31671156?
1
What is the ten thousands digit of 912905?
1
What is the tens digit of 145213?
1
What is the hundred thousands digit of 132050?
1
What is the tens digit of 6236142?
4
What is the tens digit of 36422?
2
What is the tens digit of 146502?
0
What is the units digit of 13404?
4
What is the units digit of 3867151?
1
What is the thousands digit of 1352801?
2
What is the ten thousands digit of 754084?
5
What is the thousands digit of 66938?
6
What is the tens digit of 170427?
2
What is the ten thousands digit of 1300350?
0
What is the ten thousands digit of 677840?
7
What is the millions digit of 3339961?
3
What is the thousands digit of 3332101?
2
What is the units digit of 768270?
0
What is the thousands digit of 867106?
7
What is the ten thousands digit of 276624?
7
What is the millions digit of 3770373?
3
What is the hundred thousands digit of 439978?
4
What is the tens digit of 1043986?
8
What is the ten thousands digit of 269981?
6
What is the hundreds digit of 5343835?
8
What is the tens digit of 39064438?
3
What is the thousands digit of 38549?
8
What is the tens digit of 160110?
1
What is the hundred thousands digit of 955287?
9
What is the ten thousands digit of 309346?
0
What is the ten thousands digit of 170278?
7
What is the units digit of 21232410?
0
What is the units digit of 1372307?
7
What is the hundred thousands digit of 518027?
5
What is the thousands digit of 12040495?
0
What is the hundreds digit of 4482548?
5
What is the thousands digit of 6116869?
6
What is the thousands digit of 11347244?
7
What is the thousands digit of 874013?
4
What is the ten thousands digit of 600625?
0
What is the hundreds digit of 25759128?
1
What is the millions digit of 3514690?
3
What is the thousands digit of 4461466?
1
What is the millions digit of 1427607?
1
What is the hundred thousands digit of 9929829?
9
What is the hundred thousands digit of 273473?
2
What is the hundred thousands digit of 2618446?
6
What is the thousands digit of 74846?
4
What is the ten thousands digit of 1173118?
7
What is the ten thousands digit of 268918?
6
What is the ten thousands digit of 457755?
5
What is the units digit of 151013?
3
What is the tens digit of 24015331?
3
What is the ten thousands digit of 161601?
6
What is the thousands digit of 154861?
4
What is the ten thousands digit of 149033?
4
What is the units digit of 189212?
2
What is the thousands digit of 1019975?
9
What is the tens digit of 1960487?
8
What is the tens digit of 818664?
6
What is the millions digit of 2518653?
2
What is the units digit of 85920?
0
What is the ten thousands digit of 1568415?
6
What is the millions digit of 2601261?
2
What is the millions digit of 2692579?
2
What is the hundred thousands digit of 2965893?
9
What is the thousands digit of 198281?
8
What is the thousands digit of 203561?
3
What is the units digit of 262520?
0
What is the tens digit of 768092?
9
What is the thousands digit of 2068763?
8
What is the tens digit of 858615?
1
What is the tens digit of 1564886?
8
What is the thousands digit of 18261607?
1
What is the hundred thousands digit of 386190?
3
What is the ten thousands digit of 834620?
3
What is the units digit of 6392509?
9
What is the thousands digit of 207497?
7
What is the ten thousands digit of 774940?
7
What is the thousands digit of 306128?
6
What is the millions digit of 9813057?
9
What is the units digit of 3355627?
7
What is the tens digit of 5282400?
0
What is the units digit of 17457?
7
What is the tens digit of 9025518?
1
What is the units digit of 232895?
5
What is the units digit of 30555?
5
What is the units digit of 13598?
8
What is the units digit of 609541?
1
What is the tens digit of 1316702?
0
What is the ten thousands digit of 69012?
6
What is the hundred thousands digit of 7796805?
7
What is the hundred thousands digit of 10172857?
1
What is the hundred thousands digit of 433473?
4
What is the units digit of 33416?
6
What is the hundreds digit of 141678?
6
What is the thousands digit of 2043820?
3
What is the hundreds digit of 2915253?
2
What is the units digit of 281476?
6
What is the tens digit of 714289?
8
What is the thousands digit of 44539?
4
What is the hundreds digit of 220184?
1
What is the millions digit of 1024194?
1
What is the tens digit of 408654?
5
What is the tens digit of 819221?
2
What is the tens digit of 3656097?
9
What is the hundred thousands digit of 36391871?
3
What is the ten millions digit of 22249204?
2
What is the hundreds digit of 1152634?
6
What is the hundreds digit of 4179623?
6
What is the hundred thousands digit of 8999227?
9
What is the units digit of 163617?
7
What is the hundred thousands digit of 164569?
1
What is the tens digit of 95476?
7
What is the millions digit of 6633117?
6
What is the tens digit of 521695?
9
What is the thousands digit of 139970?
9
What is the thousands digit of 91225?
1
What is the hundred thousands digit of 741812?
7
What is the thousands digit of 279247?
9
What is the tens digit of 200920?
2
What is the hundreds digit of 1512765?
7
What is the units digit of 667401?
1
What is the thousands digit of 2272531?
2
What is the millions digit of 1855190?
1
What is the tens digit of 8050813?
1
What is the ten millions digit of 37066875?
3
What is the thousands digit of 329409?
9
What is the ten thousands digit of 353315?
5
What is the ten thousands digit of 6110291?
1
What is the thousands digit of 2166091?
6
What is the tens digit of 106206?
0
What is the hundreds digit of 540?
5
What is the tens digit of 247922?
2
What is the hundreds digit of 525665?
6
What is the tens digit of 238374?
7
What is the thousands digit of 20981442?
1
What is the millions digit of 2331206?
2
What is the hundred thousands digit of 2297898?
2
What is the ten thousands digit of 178478?
7
What is the ten thousands digit of 3922402?
2
What is the tens digit of 878491?
9
What is the thousands digit of 313506?
3
What is the hundred thousands digit of 1139531?
1
What is the tens digit of 369994?
9
What is the tens digit of 1978346?
4
What is the hundreds digit of 5867823?
8
What is the thousands digit of 21804?
1
What is the hundreds digit of 4162036?
0
What is the ten millions digit of 27035641?
2
What is the hundred thousands digit of 665966?
6
What is the thousands digit of 29010?
9
What is the hundreds digit of 1632961?
9
What is the ten thousands digit of 324120?
2
What is the ten thousands digit of 81008?
8
What is the thousands digit of 1529257?
9
What is the hundreds digit of 1894724?
7
What is the ten thousands digit of 9321534?
2
What is the ten thousands digit of 1274226?
7
What is the ten thousands digit of 7752922?
5
What is the ten thousands digit of 192140?
9
What is the hundred thousands digit of 730497?
7
What is the units digit of 115525?
5
What is the units digit of 511709?
9
What is the units digit of 269992?
2
What is the ten thousands digit of 159249?
5
What is the hundreds digit of 6808021?
0
What is the units digit of 2959037?
7
What is the units digit of 4013462?
2
What is the ten thousands digit of 255167?
5
What is the hundreds digit of 1205027?
0
What is the hundreds digit of 170716?
7
What is the thousands digit of 73760?
3
What is the millions digit of 2298372?
2
What is the units digit of 348629?
9
What is the millions digit of 22267407?
2
What is the hundreds digit of 278138?
1
What is the hundreds digit of 11101185?
1
What is the tens digit of 983997?
9
What is the thousands digit of 679050?
9
What is the ten thousands digit of 62308?
6
What is the thousands digit of 647722?
7
What is the ten thousands digit of 2227137?
2
What is the hundred thousands digit of 188681?